{"id":27,"date":"2025-05-19T21:39:00","date_gmt":"2025-05-19T19:39:00","guid":{"rendered":"https:\/\/kapitel2-zeitschrift.ddnss.de\/wordpress\/?page_id=27"},"modified":"2025-06-10T19:34:54","modified_gmt":"2025-06-10T17:34:54","slug":"ueber-uns","status":"publish","type":"page","link":"https:\/\/kapitelzwei-zeitschrift.de\/homepage\/ueber-uns\/","title":{"rendered":"\u00dcber uns"},"content":{"rendered":"\n<p><strong><em>kapitelzwei<\/em> <\/strong>ist eine literarische Jahresschrift, die aus dem Magazin <em>neolith<\/em> hervorgeht und als Kooperationsprojekt mit dem <em><a href=\"https:\/\/geest-verlag.de\/\" target=\"_blank\" rel=\"noreferrer noopener\">Geest-Verlag<\/a><\/em> und <em>Kultur lebt e. V.<\/em> entstanden ist. Die erste Ausgabe versammelt Texte zum Thema \u201ezwei\u201c. K\u00fcnftig erscheint j\u00e4hrlich eine weitere Ausgabe.<br><br>Programmatisch versteht sich <strong><em>kapitelzwei<\/em> <\/strong>als Zeitschrift f\u00fcr neue Literatur sowie als Plattform f\u00fcr literarische Vielfalt und lebendigen Diskurs. Die Zeitschrift l\u00e4dt dazu ein, unterschiedliche Formen des Schreibens und vielf\u00e4ltige \u00e4sthetische Anspr\u00fcche miteinander ins Gespr\u00e4ch zu bringen. Im Zentrum steht die Neugier: ein offenes Fragen, ein lustvolles Erkunden, das sich nicht auf Kategorien wie \u201eUnterhaltung\u201c oder \u201eHochkultur\u201c festlegen l\u00e4sst, sondern in einem spielerischen Wechsel zwischen beiden Welten seinen Ausdruck findet. <br><br>So leistet <strong><em>kapitelzwei<\/em><\/strong> einen Beitrag zur literarischen Gegenwart \u2013 als Impulsgeberin, als B\u00fchne f\u00fcr neue Stimmen und als Bereicherung f\u00fcr das kulturelle Leben in Wuppertal und dar\u00fcber hinaus.<\/p>\n\n\n\n<p>Das Projekt ist nicht gewinnorientiert und finanziert sich zu einem gro\u00dfen Teil \u00fcber Spenden.<\/p>\n\n\n\n<p>F\u00fcr weitere Informationen: Sende eine E-Mail an redaktion(at)kapitelzwei-zeitschrift.de oder nutze das Kontaktformular auf unserer Homepage.<\/p>\n\n\n\n<p>Hier erf\u00e4hrst du mehr \u00fcber das <a href=\"https:\/\/kapitelzwei-zeitschrift.de\/homepage\/redaktionsteam\/\">Redaktionsteam<\/a>.<\/p>\n\n\n\n<div class=\"wp-block-group is-vertical is-content-justification-center is-layout-flex wp-container-core-group-is-layout-4b2eccd6 wp-block-group-is-layout-flex\">\n<div class=\"wp-block-columns are-vertically-aligned-center is-layout-flex wp-container-core-columns-is-layout-9d6595d7 wp-block-columns-is-layout-flex\">\n<div class=\"wp-block-column is-vertically-aligned-center is-layout-flow wp-block-column-is-layout-flow\" style=\"flex-basis:100%\">\n<div class=\"wp-block-group is-vertical is-layout-flex wp-container-core-group-is-layout-8cf370e7 wp-block-group-is-layout-flex\">\n<div class=\"wp-block-group is-vertical is-content-justification-center is-layout-flex wp-container-core-group-is-layout-4b2eccd6 wp-block-group-is-layout-flex\"><div class=\"wp-block-image\">\n<figure class=\"aligncenter size-full is-resized\"><img loading=\"lazy\" decoding=\"async\" width=\"1024\" height=\"215\" src=\"https:\/\/kapitelzwei-zeitschrift.de\/homepage\/wp-content\/uploads\/2025\/05\/kapitelzwei-logo-1024.png\" alt=\"Logo 1024\" class=\"wp-image-149\" style=\"width:350px\" srcset=\"https:\/\/kapitelzwei-zeitschrift.de\/homepage\/wp-content\/uploads\/2025\/05\/kapitelzwei-logo-1024.png 1024w, https:\/\/kapitelzwei-zeitschrift.de\/homepage\/wp-content\/uploads\/2025\/05\/kapitelzwei-logo-1024-300x63.png 300w, https:\/\/kapitelzwei-zeitschrift.de\/homepage\/wp-content\/uploads\/2025\/05\/kapitelzwei-logo-1024-768x161.png 768w, https:\/\/kapitelzwei-zeitschrift.de\/homepage\/wp-content\/uploads\/2025\/05\/kapitelzwei-logo-1024-850x178.png 850w\" sizes=\"auto, (max-width: 1024px) 100vw, 1024px\" \/><\/figure>\n<\/div>\n\n\n<div class=\"wp-block-columns is-layout-flex wp-container-core-columns-is-layout-9d6595d7 wp-block-columns-is-layout-flex\">\n<div class=\"wp-block-column is-vertically-aligned-center is-layout-flow wp-block-column-is-layout-flow\" style=\"flex-basis:100%\"><div class=\"wp-block-image\">\n<figure class=\"alignright size-full is-resized\"><a href=\"https:\/\/geest-verlag.de\/\" target=\"_blank\" rel=\" noreferrer noopener\"><img loading=\"lazy\" decoding=\"async\" width=\"1558\" height=\"642\" src=\"https:\/\/kapitelzwei-zeitschrift.de\/homepage\/wp-content\/uploads\/2025\/06\/logogross._freigestellt.png\" alt=\"\" class=\"wp-image-395\" style=\"width:146px;height:auto\"\/><\/a><\/figure>\n<\/div><\/div>\n\n\n\n<div class=\"wp-block-column is-vertically-aligned-center is-layout-flow wp-block-column-is-layout-flow\" style=\"flex-basis:100%\"><div class=\"wp-block-image\">\n<figure class=\"alignleft size-full is-resized\"><img loading=\"lazy\" decoding=\"async\" width=\"1558\" height=\"642\" src=\"https:\/\/kapitelzwei-zeitschrift.de\/homepage\/wp-content\/uploads\/2025\/06\/Kultur-lebt-logo_freigestellt2.png\" alt=\"\" class=\"wp-image-397\" style=\"width:220px\" srcset=\"https:\/\/kapitelzwei-zeitschrift.de\/homepage\/wp-content\/uploads\/2025\/06\/Kultur-lebt-logo_freigestellt2.png 1558w, https:\/\/kapitelzwei-zeitschrift.de\/homepage\/wp-content\/uploads\/2025\/06\/Kultur-lebt-logo_freigestellt2-300x124.png 300w, https:\/\/kapitelzwei-zeitschrift.de\/homepage\/wp-content\/uploads\/2025\/06\/Kultur-lebt-logo_freigestellt2-1024x422.png 1024w, https:\/\/kapitelzwei-zeitschrift.de\/homepage\/wp-content\/uploads\/2025\/06\/Kultur-lebt-logo_freigestellt2-768x316.png 768w, https:\/\/kapitelzwei-zeitschrift.de\/homepage\/wp-content\/uploads\/2025\/06\/Kultur-lebt-logo_freigestellt2-1536x633.png 1536w, https:\/\/kapitelzwei-zeitschrift.de\/homepage\/wp-content\/uploads\/2025\/06\/Kultur-lebt-logo_freigestellt2-850x350.png 850w\" sizes=\"auto, (max-width: 1558px) 100vw, 1558px\" \/><\/figure>\n<\/div><\/div>\n<\/div>\n<\/div>\n<\/div>\n<\/div>\n<\/div>\n<\/div>\n\n\n\n<p><\/p>\n","protected":false},"excerpt":{"rendered":"<p>kapitelzwei ist eine literarische Jahresschrift, die aus dem Magazin neolith hervorgeht und als Kooperationsprojekt mit dem Geest-Verlag und Kultur lebt e. V. entstanden ist. Die erste Ausgabe versammelt Texte zum Thema \u201ezwei\u201c. K\u00fcnftig erscheint j\u00e4hrlich eine weitere Ausgabe. Programmatisch versteht sich kapitelzwei als Zeitschrift f\u00fcr neue Literatur sowie als Plattform f\u00fcr literarische Vielfalt und lebendigen&#8230;<\/p>\n","protected":false},"author":3,"featured_media":0,"parent":0,"menu_order":1,"comment_status":"closed","ping_status":"closed","template":"","meta":{"footnotes":""},"class_list":["post-27","page","type-page","status-publish","hentry"],"yoast_head":"<!-- This site is optimized with the Yoast SEO plugin v27.3 - https:\/\/yoast.com\/product\/yoast-seo-wordpress\/ -->\n<title>\u00dcber uns - kapitelzwei<\/title>\n<meta name=\"description\" content=\"kapitelzwei ist eine literarische Jahresschrift, die aus dem Magazin neolith hervorgeht und als Kooperationsprojekt mit dem Geest-Verlag ...\" \/>\n<meta name=\"robots\" content=\"index, follow, max-snippet:-1, max-image-preview:large, max-video-preview:-1\" \/>\n<link rel=\"canonical\" href=\"https:\/\/kapitelzwei-zeitschrift.de\/homepage\/ueber-uns\/\" \/>\n<meta property=\"og:locale\" content=\"de_DE\" \/>\n<meta property=\"og:type\" content=\"article\" \/>\n<meta property=\"og:title\" content=\"\u00dcber uns - kapitelzwei\" \/>\n<meta property=\"og:description\" content=\"kapitelzwei ist eine literarische Jahresschrift, die aus dem Magazin neolith hervorgeht und als Kooperationsprojekt mit dem Geest-Verlag ...\" \/>\n<meta property=\"og:url\" content=\"https:\/\/kapitelzwei-zeitschrift.de\/homepage\/ueber-uns\/\" \/>\n<meta property=\"og:site_name\" content=\"kapitelzwei\" \/>\n<meta property=\"article:modified_time\" content=\"2025-06-10T17:34:54+00:00\" \/>\n<meta property=\"og:image\" content=\"https:\/\/kapitelzwei-zeitschrift.de\/homepage\/wp-content\/uploads\/2025\/05\/kapitelzwei-logo-1024.png\" \/>\n\t<meta property=\"og:image:width\" content=\"1024\" \/>\n\t<meta property=\"og:image:height\" content=\"215\" \/>\n\t<meta property=\"og:image:type\" content=\"image\/png\" \/>\n<meta name=\"twitter:card\" content=\"summary_large_image\" \/>\n<meta name=\"twitter:label1\" content=\"Gesch\u00e4tzte Lesezeit\" \/>\n\t<meta name=\"twitter:data1\" content=\"2\u00a0Minuten\" \/>\n<script type=\"application\/ld+json\" class=\"yoast-schema-graph\">{\"@context\":\"https:\\\/\\\/schema.org\",\"@graph\":[{\"@type\":\"WebPage\",\"@id\":\"https:\\\/\\\/kapitelzwei-zeitschrift.de\\\/homepage\\\/ueber-uns\\\/\",\"url\":\"https:\\\/\\\/kapitelzwei-zeitschrift.de\\\/homepage\\\/ueber-uns\\\/\",\"name\":\"\u00dcber uns - kapitelzwei\",\"isPartOf\":{\"@id\":\"https:\\\/\\\/kapitelzwei-zeitschrift.de\\\/homepage\\\/#website\"},\"primaryImageOfPage\":{\"@id\":\"https:\\\/\\\/kapitelzwei-zeitschrift.de\\\/homepage\\\/ueber-uns\\\/#primaryimage\"},\"image\":{\"@id\":\"https:\\\/\\\/kapitelzwei-zeitschrift.de\\\/homepage\\\/ueber-uns\\\/#primaryimage\"},\"thumbnailUrl\":\"https:\\\/\\\/kapitelzwei-zeitschrift.de\\\/homepage\\\/wp-content\\\/uploads\\\/2025\\\/05\\\/kapitelzwei-logo-1024.png\",\"datePublished\":\"2025-05-19T19:39:00+00:00\",\"dateModified\":\"2025-06-10T17:34:54+00:00\",\"description\":\"kapitelzwei ist eine literarische Jahresschrift, die aus dem Magazin neolith hervorgeht und als Kooperationsprojekt mit dem Geest-Verlag ...\",\"breadcrumb\":{\"@id\":\"https:\\\/\\\/kapitelzwei-zeitschrift.de\\\/homepage\\\/ueber-uns\\\/#breadcrumb\"},\"inLanguage\":\"de\",\"potentialAction\":[{\"@type\":\"ReadAction\",\"target\":[\"https:\\\/\\\/kapitelzwei-zeitschrift.de\\\/homepage\\\/ueber-uns\\\/\"]}]},{\"@type\":\"ImageObject\",\"inLanguage\":\"de\",\"@id\":\"https:\\\/\\\/kapitelzwei-zeitschrift.de\\\/homepage\\\/ueber-uns\\\/#primaryimage\",\"url\":\"https:\\\/\\\/kapitelzwei-zeitschrift.de\\\/homepage\\\/wp-content\\\/uploads\\\/2025\\\/05\\\/kapitelzwei-logo-1024.png\",\"contentUrl\":\"https:\\\/\\\/kapitelzwei-zeitschrift.de\\\/homepage\\\/wp-content\\\/uploads\\\/2025\\\/05\\\/kapitelzwei-logo-1024.png\",\"width\":1024,\"height\":215,\"caption\":\"Logo 1024\"},{\"@type\":\"BreadcrumbList\",\"@id\":\"https:\\\/\\\/kapitelzwei-zeitschrift.de\\\/homepage\\\/ueber-uns\\\/#breadcrumb\",\"itemListElement\":[{\"@type\":\"ListItem\",\"position\":1,\"name\":\"Startseite\",\"item\":\"https:\\\/\\\/kapitelzwei-zeitschrift.de\\\/homepage\\\/\"},{\"@type\":\"ListItem\",\"position\":2,\"name\":\"\u00dcber uns\"}]},{\"@type\":\"WebSite\",\"@id\":\"https:\\\/\\\/kapitelzwei-zeitschrift.de\\\/homepage\\\/#website\",\"url\":\"https:\\\/\\\/kapitelzwei-zeitschrift.de\\\/homepage\\\/\",\"name\":\"kapitelzwei\",\"description\":\"Zeitschrift f\u00fcr neue Literatur\",\"publisher\":{\"@id\":\"https:\\\/\\\/kapitelzwei-zeitschrift.de\\\/homepage\\\/#organization\"},\"potentialAction\":[{\"@type\":\"SearchAction\",\"target\":{\"@type\":\"EntryPoint\",\"urlTemplate\":\"https:\\\/\\\/kapitelzwei-zeitschrift.de\\\/homepage\\\/?s={search_term_string}\"},\"query-input\":{\"@type\":\"PropertyValueSpecification\",\"valueRequired\":true,\"valueName\":\"search_term_string\"}}],\"inLanguage\":\"de\"},{\"@type\":\"Organization\",\"@id\":\"https:\\\/\\\/kapitelzwei-zeitschrift.de\\\/homepage\\\/#organization\",\"name\":\"kapitelzwei\",\"url\":\"https:\\\/\\\/kapitelzwei-zeitschrift.de\\\/homepage\\\/\",\"logo\":{\"@type\":\"ImageObject\",\"inLanguage\":\"de\",\"@id\":\"https:\\\/\\\/kapitelzwei-zeitschrift.de\\\/homepage\\\/#\\\/schema\\\/logo\\\/image\\\/\",\"url\":\"https:\\\/\\\/kapitelzwei-zeitschrift.de\\\/homepage\\\/wp-content\\\/uploads\\\/2025\\\/05\\\/kapitelzwei-logo-1920.png\",\"contentUrl\":\"https:\\\/\\\/kapitelzwei-zeitschrift.de\\\/homepage\\\/wp-content\\\/uploads\\\/2025\\\/05\\\/kapitelzwei-logo-1920.png\",\"width\":1920,\"height\":402,\"caption\":\"kapitelzwei\"},\"image\":{\"@id\":\"https:\\\/\\\/kapitelzwei-zeitschrift.de\\\/homepage\\\/#\\\/schema\\\/logo\\\/image\\\/\"}}]}<\/script>\n<!-- \/ Yoast SEO plugin. -->","yoast_head_json":{"title":"\u00dcber uns - kapitelzwei","description":"kapitelzwei ist eine literarische Jahresschrift, die aus dem Magazin neolith hervorgeht und als Kooperationsprojekt mit dem Geest-Verlag ...","robots":{"index":"index","follow":"follow","max-snippet":"max-snippet:-1","max-image-preview":"max-image-preview:large","max-video-preview":"max-video-preview:-1"},"canonical":"https:\/\/kapitelzwei-zeitschrift.de\/homepage\/ueber-uns\/","og_locale":"de_DE","og_type":"article","og_title":"\u00dcber uns - kapitelzwei","og_description":"kapitelzwei ist eine literarische Jahresschrift, die aus dem Magazin neolith hervorgeht und als Kooperationsprojekt mit dem Geest-Verlag ...","og_url":"https:\/\/kapitelzwei-zeitschrift.de\/homepage\/ueber-uns\/","og_site_name":"kapitelzwei","article_modified_time":"2025-06-10T17:34:54+00:00","og_image":[{"width":1024,"height":215,"url":"https:\/\/kapitelzwei-zeitschrift.de\/homepage\/wp-content\/uploads\/2025\/05\/kapitelzwei-logo-1024.png","type":"image\/png"}],"twitter_card":"summary_large_image","twitter_misc":{"Gesch\u00e4tzte Lesezeit":"2\u00a0Minuten"},"schema":{"@context":"https:\/\/schema.org","@graph":[{"@type":"WebPage","@id":"https:\/\/kapitelzwei-zeitschrift.de\/homepage\/ueber-uns\/","url":"https:\/\/kapitelzwei-zeitschrift.de\/homepage\/ueber-uns\/","name":"\u00dcber uns - kapitelzwei","isPartOf":{"@id":"https:\/\/kapitelzwei-zeitschrift.de\/homepage\/#website"},"primaryImageOfPage":{"@id":"https:\/\/kapitelzwei-zeitschrift.de\/homepage\/ueber-uns\/#primaryimage"},"image":{"@id":"https:\/\/kapitelzwei-zeitschrift.de\/homepage\/ueber-uns\/#primaryimage"},"thumbnailUrl":"https:\/\/kapitelzwei-zeitschrift.de\/homepage\/wp-content\/uploads\/2025\/05\/kapitelzwei-logo-1024.png","datePublished":"2025-05-19T19:39:00+00:00","dateModified":"2025-06-10T17:34:54+00:00","description":"kapitelzwei ist eine literarische Jahresschrift, die aus dem Magazin neolith hervorgeht und als Kooperationsprojekt mit dem Geest-Verlag ...","breadcrumb":{"@id":"https:\/\/kapitelzwei-zeitschrift.de\/homepage\/ueber-uns\/#breadcrumb"},"inLanguage":"de","potentialAction":[{"@type":"ReadAction","target":["https:\/\/kapitelzwei-zeitschrift.de\/homepage\/ueber-uns\/"]}]},{"@type":"ImageObject","inLanguage":"de","@id":"https:\/\/kapitelzwei-zeitschrift.de\/homepage\/ueber-uns\/#primaryimage","url":"https:\/\/kapitelzwei-zeitschrift.de\/homepage\/wp-content\/uploads\/2025\/05\/kapitelzwei-logo-1024.png","contentUrl":"https:\/\/kapitelzwei-zeitschrift.de\/homepage\/wp-content\/uploads\/2025\/05\/kapitelzwei-logo-1024.png","width":1024,"height":215,"caption":"Logo 1024"},{"@type":"BreadcrumbList","@id":"https:\/\/kapitelzwei-zeitschrift.de\/homepage\/ueber-uns\/#breadcrumb","itemListElement":[{"@type":"ListItem","position":1,"name":"Startseite","item":"https:\/\/kapitelzwei-zeitschrift.de\/homepage\/"},{"@type":"ListItem","position":2,"name":"\u00dcber uns"}]},{"@type":"WebSite","@id":"https:\/\/kapitelzwei-zeitschrift.de\/homepage\/#website","url":"https:\/\/kapitelzwei-zeitschrift.de\/homepage\/","name":"kapitelzwei","description":"Zeitschrift f\u00fcr neue Literatur","publisher":{"@id":"https:\/\/kapitelzwei-zeitschrift.de\/homepage\/#organization"},"potentialAction":[{"@type":"SearchAction","target":{"@type":"EntryPoint","urlTemplate":"https:\/\/kapitelzwei-zeitschrift.de\/homepage\/?s={search_term_string}"},"query-input":{"@type":"PropertyValueSpecification","valueRequired":true,"valueName":"search_term_string"}}],"inLanguage":"de"},{"@type":"Organization","@id":"https:\/\/kapitelzwei-zeitschrift.de\/homepage\/#organization","name":"kapitelzwei","url":"https:\/\/kapitelzwei-zeitschrift.de\/homepage\/","logo":{"@type":"ImageObject","inLanguage":"de","@id":"https:\/\/kapitelzwei-zeitschrift.de\/homepage\/#\/schema\/logo\/image\/","url":"https:\/\/kapitelzwei-zeitschrift.de\/homepage\/wp-content\/uploads\/2025\/05\/kapitelzwei-logo-1920.png","contentUrl":"https:\/\/kapitelzwei-zeitschrift.de\/homepage\/wp-content\/uploads\/2025\/05\/kapitelzwei-logo-1920.png","width":1920,"height":402,"caption":"kapitelzwei"},"image":{"@id":"https:\/\/kapitelzwei-zeitschrift.de\/homepage\/#\/schema\/logo\/image\/"}}]}},"_links":{"self":[{"href":"https:\/\/kapitelzwei-zeitschrift.de\/homepage\/wp-json\/wp\/v2\/pages\/27","targetHints":{"allow":["GET"]}}],"collection":[{"href":"https:\/\/kapitelzwei-zeitschrift.de\/homepage\/wp-json\/wp\/v2\/pages"}],"about":[{"href":"https:\/\/kapitelzwei-zeitschrift.de\/homepage\/wp-json\/wp\/v2\/types\/page"}],"author":[{"embeddable":true,"href":"https:\/\/kapitelzwei-zeitschrift.de\/homepage\/wp-json\/wp\/v2\/users\/3"}],"replies":[{"embeddable":true,"href":"https:\/\/kapitelzwei-zeitschrift.de\/homepage\/wp-json\/wp\/v2\/comments?post=27"}],"version-history":[{"count":24,"href":"https:\/\/kapitelzwei-zeitschrift.de\/homepage\/wp-json\/wp\/v2\/pages\/27\/revisions"}],"predecessor-version":[{"id":458,"href":"https:\/\/kapitelzwei-zeitschrift.de\/homepage\/wp-json\/wp\/v2\/pages\/27\/revisions\/458"}],"wp:attachment":[{"href":"https:\/\/kapitelzwei-zeitschrift.de\/homepage\/wp-json\/wp\/v2\/media?parent=27"}],"curies":[{"name":"wp","href":"https:\/\/api.w.org\/{rel}","templated":true}]}}